{"id":333,"date":"2023-11-24T16:34:12","date_gmt":"2023-11-24T19:34:12","guid":{"rendered":"https:\/\/www.argus-engenharia.com.br\/site\/?page_id=333"},"modified":"2024-05-14T16:56:25","modified_gmt":"2024-05-14T19:56:25","slug":"protectorwire","status":"publish","type":"page","link":"https:\/\/www.argus-engenharia.com.br\/site\/protectorwire\/","title":{"rendered":"Protectorwire"},"content":{"rendered":"<h1> DETEC\u00c7\u00c3O LINEAR DE TEMPERATURA PROTECTOWIRE <\/h1>\n<div>O Detector Linear de Temperatura ProtectoWire\u00ae faz o monitoramento atrav\u00e9s de um cabo sensor, revestido para condi\u00e7\u00f5es ambientais severas e apropriado para aplica\u00e7\u00f5es onde o acesso do pessoal de manuten\u00e7\u00e3o \u00e9 perigoso ou onde se exige detec\u00e7\u00e3o muito pr\u00f3xima ao risco. Este cabo detecta um eventual aumento de temperatura em qualquer ponto ao longo de seu comprimento e dispara um alarme alertando sobre o perigo. \u00c9 ideal para bandejas de cabos, eletrocalhas, interior de pain\u00e9is, transformadores e outras estruturas similares.<\/div>\n<p><img decoding=\"async\" src=\"\/site\/wp-content\/uploads\/2024\/01\/arg-protector.jpg\" alt=\"\"><br \/>\n<img decoding=\"async\" src=\"\/site\/wp-content\/uploads\/2024\/01\/linear-temperatura-protectowire-01.jpg\" alt=\"\"><br \/>\n<img decoding=\"async\" src=\"\/site\/wp-content\/uploads\/2024\/01\/unnamed.webp\" alt=\"\"><\/p>\n<div>O Detector Linear de Temperatura ProtectoWire\u00ae \u00e9 um produto vers\u00e1til e econ\u00f4mico aplicado onde existe a necessidade de detec\u00e7\u00e3o de temperatura fixa. O cabo sensor \u00e9 revestido para condi\u00e7\u00f5es ambientais severas e apropriado para aplica\u00e7\u00f5es onde o acesso do pessoal de manuten\u00e7\u00e3o \u00e9 perigoso ou onde se exige detec\u00e7\u00e3o muito pr\u00f3xima ao risco.<\/div>\n<div>Este cabo sensor \u00e9 do tipo termopar, que detecta um aumento de temperatura em qualquer ponto ao longo de seu comprimento, sendo composto por dois condutores isolados individualmente com um pol\u00edmero sens\u00edvel ao calor. Os condutores s\u00e3o torcidos em conjunto e envolvidos com uma fita de prote\u00e7\u00e3o com revestimento externo adequado ao ambiente em que o cabo ser\u00e1 instalado.<\/div>\n<div>ProtectoWire\u00ae \u00e9 um sensor de temperatura fixa digital, sendo capaz de iniciar um alarme quando a temperatura de atua\u00e7\u00e3o \u00e9 alcan\u00e7ada. Na temperatura nominal, a isola\u00e7\u00e3o t\u00e9rmica de pol\u00edmeros sens\u00edveis cede \u00e0 press\u00e3o em cima dele, permitindo que os condutores internos entrem em contato enviando assim um sinal de alarme.<\/div>\n<div>Este sistema permite interface digital atrav\u00e9s de contato seco, que posiciona a dist\u00e2ncia quanto \u00e0 localiza\u00e7\u00e3o do prov\u00e1vel sinistro. Todo o sistema \u00e9 interligado ao sistema de detec\u00e7\u00e3o e alarme de inc\u00eandio que ativar\u00e1 os alarmes necess\u00e1rios para informar o sinistro.<\/div>\n<div>As principais aplica\u00e7\u00f5es s\u00e3o em bandejas de cabos, eletrocalhas, interior de pain\u00e9is, transformadores, etc.<\/div>\n<p>\n    <a href=\"\/site\/contato\/\">FALE CONOSCO<\/a>\n<\/p>\n<p><!--more--><br \/>\n<!-- {\"type\":\"layout\",\"children\":[{\"type\":\"section\",\"props\":{\"id\":\"sistemas\",\"image_position\":\"center-center\",\"style\":\"default\",\"title_breakpoint\":\"xl\",\"title_position\":\"top-left\",\"title_rotation\":\"left\",\"vertical_align\":\"middle\",\"width\":\"default\"},\"children\":[{\"type\":\"row\",\"props\":{\"id\":\"firepro\"},\"children\":[{\"type\":\"column\",\"props\":{\"image_position\":\"center-center\",\"padding\":\"xsmall\",\"position_sticky_breakpoint\":\"m\"},\"children\":[{\"type\":\"headline\",\"props\":{\"content\":\" DETEC\\u00c7\\u00c3O LINEAR DE TEMPERATURA PROTECTOWIRE \",\"title_color\":\"primary\",\"title_decoration\":\"bullet\",\"title_element\":\"h1\",\"title_style\":\"h2\"}}]}]},{\"type\":\"row\",\"props\":{\"layout\":\"1-2,1-2\"},\"children\":[{\"type\":\"column\",\"props\":{\"image_position\":\"center-center\",\"position_sticky_breakpoint\":\"m\",\"vertical_align\":\"middle\",\"width_medium\":\"1-2\"},\"children\":[{\"type\":\"text\",\"props\":{\"column_breakpoint\":\"m\",\"content\":\"O Detector Linear de Temperatura ProtectoWire\\u00ae faz o monitoramento atrav\\u00e9s de um cabo sensor, revestido para condi\\u00e7\\u00f5es ambientais severas e apropriado para aplica\\u00e7\\u00f5es onde o acesso do pessoal de manuten\\u00e7\\u00e3o \\u00e9 perigoso ou onde se exige detec\\u00e7\\u00e3o muito pr\\u00f3xima ao risco. Este cabo detecta um eventual aumento de temperatura em qualquer ponto ao longo de seu comprimento e dispara um alarme alertando sobre o perigo. \\u00c9 ideal para bandejas de cabos, eletrocalhas, interior de pain\\u00e9is, transformadores e outras estruturas similares.\",\"margin\":\"default\"}}]},{\"type\":\"column\",\"props\":{\"image_position\":\"center-center\",\"position_sticky_breakpoint\":\"m\",\"width_medium\":\"1-2\"},\"children\":[{\"type\":\"image\",\"props\":{\"image\":\"wp-content\\\/uploads\\\/2024\\\/01\\\/arg-protector.jpg\",\"image_svg_color\":\"emphasis\",\"margin\":\"default\"}}]}]}],\"name\":\"SISTEMAS-OLD\"},{\"type\":\"section\",\"props\":{\"image\":\"wp-content\\\/uploads\\\/2023\\\/10\\\/bg-red-sobre.jpg\",\"image_effect\":\"fixed\",\"image_position\":\"center-center\",\"image_size\":\"cover\",\"padding\":\"large\",\"style\":\"primary\",\"title_breakpoint\":\"xl\",\"title_position\":\"top-left\",\"title_rotation\":\"left\",\"vertical_align\":\"middle\",\"width\":\"default\"},\"children\":[{\"type\":\"row\",\"children\":[{\"type\":\"column\",\"props\":{\"image_position\":\"center-center\",\"padding\":\"small\",\"position_sticky_breakpoint\":\"m\",\"style\":\"tile-default\",\"width_medium\":\"1-2\"},\"children\":[{\"type\":\"image\",\"props\":{\"image\":\"wp-content\\\/uploads\\\/2024\\\/01\\\/linear-temperatura-protectowire-01.jpg\",\"image_svg_color\":\"emphasis\",\"margin\":\"default\"}}]},{\"type\":\"column\",\"props\":{\"image_position\":\"center-center\",\"padding\":\"small\",\"position_sticky_breakpoint\":\"m\",\"style\":\"tile-default\",\"vertical_align\":\"middle\",\"width_medium\":\"1-2\"},\"children\":[{\"type\":\"image\",\"props\":{\"image\":\"wp-content\\\/uploads\\\/2024\\\/01\\\/unnamed.webp\",\"image_svg_color\":\"emphasis\",\"margin\":\"default\"}}]}],\"props\":{\"column_gap\":\"collapse\",\"layout\":\"1-2,1-2\"}},{\"type\":\"row\",\"props\":{\"divider\":true,\"layout\":\"1-2,1-2\"},\"children\":[{\"type\":\"column\",\"props\":{\"image_position\":\"center-center\",\"position_sticky_breakpoint\":\"m\",\"width_medium\":\"1-2\"},\"children\":[{\"type\":\"text\",\"props\":{\"column_breakpoint\":\"m\",\"content\":\"O Detector Linear de Temperatura ProtectoWire\\u00ae \\u00e9 um produto vers\\u00e1til e econ\\u00f4mico aplicado onde existe a necessidade de detec\\u00e7\\u00e3o de temperatura fixa. O cabo sensor \\u00e9 revestido para condi\\u00e7\\u00f5es ambientais severas e apropriado para aplica\\u00e7\\u00f5es onde o acesso do pessoal de manuten\\u00e7\\u00e3o \\u00e9 perigoso ou onde se exige detec\\u00e7\\u00e3o muito pr\\u00f3xima ao risco.\",\"margin\":\"default\"}},{\"type\":\"text\",\"props\":{\"column_breakpoint\":\"m\",\"content\":\"Este cabo sensor \\u00e9 do tipo termopar, que detecta um aumento de temperatura em qualquer ponto ao longo de seu comprimento, sendo composto por dois condutores isolados individualmente com um pol\\u00edmero sens\\u00edvel ao calor. Os condutores s\\u00e3o torcidos em conjunto e envolvidos com uma fita de prote\\u00e7\\u00e3o com revestimento externo adequado ao ambiente em que o cabo ser\\u00e1 instalado.\",\"margin\":\"default\"}}]},{\"type\":\"column\",\"props\":{\"image_position\":\"center-center\",\"position_sticky_breakpoint\":\"m\",\"width_medium\":\"1-2\"},\"children\":[{\"type\":\"text\",\"props\":{\"column_breakpoint\":\"m\",\"content\":\"ProtectoWire\\u00ae \\u00e9 um sensor de temperatura fixa digital, sendo capaz de iniciar um alarme quando a temperatura de atua\\u00e7\\u00e3o \\u00e9 alcan\\u00e7ada. Na temperatura nominal, a isola\\u00e7\\u00e3o t\\u00e9rmica de pol\\u00edmeros sens\\u00edveis cede \\u00e0 press\\u00e3o em cima dele, permitindo que os condutores internos entrem em contato enviando assim um sinal de alarme.\",\"margin\":\"default\"}},{\"type\":\"text\",\"props\":{\"column_breakpoint\":\"m\",\"content\":\"Este sistema permite interface digital atrav\\u00e9s de contato seco, que posiciona a dist\\u00e2ncia quanto \\u00e0 localiza\\u00e7\\u00e3o do prov\\u00e1vel sinistro. Todo o sistema \\u00e9 interligado ao sistema de detec\\u00e7\\u00e3o e alarme de inc\\u00eandio que ativar\\u00e1 os alarmes necess\\u00e1rios para informar o sinistro.\",\"margin\":\"default\"}}]}]},{\"type\":\"row\",\"children\":[{\"type\":\"column\",\"props\":{\"image_position\":\"center-center\",\"position_sticky_breakpoint\":\"m\"},\"children\":[{\"type\":\"text\",\"props\":{\"column_breakpoint\":\"m\",\"content\":\"As principais aplica\\u00e7\\u00f5es s\\u00e3o em bandejas de cabos, eletrocalhas, interior de pain\\u00e9is, transformadores, etc.\",\"margin\":\"default\",\"text_align\":\"center\",\"text_style\":\"lead\"}}]}]},{\"type\":\"row\",\"children\":[{\"type\":\"column\",\"props\":{\"image_position\":\"center-center\",\"position_sticky_breakpoint\":\"m\"},\"children\":[{\"type\":\"button\",\"props\":{\"button_size\":\"large\",\"grid_column_gap\":\"small\",\"grid_row_gap\":\"small\",\"margin\":\"default\",\"text_align\":\"center\"},\"children\":[{\"type\":\"button_item\",\"props\":{\"button_style\":\"default\",\"content\":\"FALE CONOSCO\",\"icon\":\"comment\",\"icon_align\":\"left\",\"link\":\"contato\\\/\"}}]}]}]}]}],\"version\":\"4.1.3\"} --><\/p>\n","protected":false},"excerpt":{"rendered":"<p>DETEC\u00c7\u00c3O LINEAR DE TEMPERATURA PROTECTOWIRE O Detector Linear de Temperatura ProtectoWire\u00ae faz o monitoramento atrav\u00e9s de um cabo sensor, revestido para condi\u00e7\u00f5es ambientais severas e apropriado para aplica\u00e7\u00f5es onde o acesso do pessoal de manuten\u00e7\u00e3o \u00e9 perigoso ou onde se exige detec\u00e7\u00e3o muito pr\u00f3xima ao risco. Este cabo detecta um eventual aumento de temperatura em [&hellip;]<\/p>\n","protected":false},"author":1,"featured_media":0,"parent":0,"menu_order":0,"comment_status":"closed","ping_status":"closed","template":"","meta":{"_joinchat":[],"footnotes":""},"class_list":["post-333","page","type-page","status-publish","hentry"],"yoast_head":"<!-- This site is optimized with the Yoast SEO plugin v27.5 - https:\/\/yoast.com\/product\/yoast-seo-wordpress\/ -->\n<title>Protectorwire - Argus Engenharia<\/title>\n<meta name=\"robots\" content=\"index, follow, max-snippet:-1, max-image-preview:large, max-video-preview:-1\" \/>\n<link rel=\"canonical\" href=\"https:\/\/www.argus-engenharia.com.br\/site\/protectorwire\/\" \/>\n<meta property=\"og:locale\" content=\"pt_BR\" \/>\n<meta property=\"og:type\" content=\"article\" \/>\n<meta property=\"og:title\" content=\"Protectorwire - Argus Engenharia\" \/>\n<meta property=\"og:description\" content=\"DETEC\u00c7\u00c3O LINEAR DE TEMPERATURA PROTECTOWIRE O Detector Linear de Temperatura ProtectoWire\u00ae faz o monitoramento atrav\u00e9s de um cabo sensor, revestido para condi\u00e7\u00f5es ambientais severas e apropriado para aplica\u00e7\u00f5es onde o acesso do pessoal de manuten\u00e7\u00e3o \u00e9 perigoso ou onde se exige detec\u00e7\u00e3o muito pr\u00f3xima ao risco. Este cabo detecta um eventual aumento de temperatura em [&hellip;]\" \/>\n<meta property=\"og:url\" content=\"https:\/\/www.argus-engenharia.com.br\/site\/protectorwire\/\" \/>\n<meta property=\"og:site_name\" content=\"Argus Engenharia\" \/>\n<meta property=\"article:modified_time\" content=\"2024-05-14T19:56:25+00:00\" \/>\n<meta name=\"twitter:card\" content=\"summary_large_image\" \/>\n<meta name=\"twitter:label1\" content=\"Est. tempo de leitura\" \/>\n\t<meta name=\"twitter:data1\" content=\"2 minutos\" \/>\n<script type=\"application\/ld+json\" class=\"yoast-schema-graph\">{\"@context\":\"https:\\\/\\\/schema.org\",\"@graph\":[{\"@type\":\"WebPage\",\"@id\":\"https:\\\/\\\/www.argus-engenharia.com.br\\\/site\\\/protectorwire\\\/\",\"url\":\"https:\\\/\\\/www.argus-engenharia.com.br\\\/site\\\/protectorwire\\\/\",\"name\":\"Protectorwire - Argus Engenharia\",\"isPartOf\":{\"@id\":\"http:\\\/\\\/www.argus-engenharia.com.br\\\/#website\"},\"datePublished\":\"2023-11-24T19:34:12+00:00\",\"dateModified\":\"2024-05-14T19:56:25+00:00\",\"breadcrumb\":{\"@id\":\"https:\\\/\\\/www.argus-engenharia.com.br\\\/site\\\/protectorwire\\\/#breadcrumb\"},\"inLanguage\":\"pt-BR\",\"potentialAction\":[{\"@type\":\"ReadAction\",\"target\":[\"https:\\\/\\\/www.argus-engenharia.com.br\\\/site\\\/protectorwire\\\/\"]}]},{\"@type\":\"BreadcrumbList\",\"@id\":\"https:\\\/\\\/www.argus-engenharia.com.br\\\/site\\\/protectorwire\\\/#breadcrumb\",\"itemListElement\":[{\"@type\":\"ListItem\",\"position\":1,\"name\":\"In\u00edcio\",\"item\":\"http:\\\/\\\/www.argus-engenharia.com.br\\\/\"},{\"@type\":\"ListItem\",\"position\":2,\"name\":\"Protectorwire\"}]},{\"@type\":\"WebSite\",\"@id\":\"http:\\\/\\\/www.argus-engenharia.com.br\\\/#website\",\"url\":\"http:\\\/\\\/www.argus-engenharia.com.br\\\/\",\"name\":\"Argus Engenharia\",\"description\":\"Produtos e Sistemas contra Inc\u00eandio\",\"publisher\":{\"@id\":\"http:\\\/\\\/www.argus-engenharia.com.br\\\/#organization\"},\"potentialAction\":[{\"@type\":\"SearchAction\",\"target\":{\"@type\":\"EntryPoint\",\"urlTemplate\":\"http:\\\/\\\/www.argus-engenharia.com.br\\\/?s={search_term_string}\"},\"query-input\":{\"@type\":\"PropertyValueSpecification\",\"valueRequired\":true,\"valueName\":\"search_term_string\"}}],\"inLanguage\":\"pt-BR\"},{\"@type\":\"Organization\",\"@id\":\"http:\\\/\\\/www.argus-engenharia.com.br\\\/#organization\",\"name\":\"Argus Engenharia\",\"url\":\"http:\\\/\\\/www.argus-engenharia.com.br\\\/\",\"logo\":{\"@type\":\"ImageObject\",\"inLanguage\":\"pt-BR\",\"@id\":\"http:\\\/\\\/www.argus-engenharia.com.br\\\/#\\\/schema\\\/logo\\\/image\\\/\",\"url\":\"http:\\\/\\\/www.argus-engenharia.com.br\\\/site\\\/wp-content\\\/uploads\\\/2023\\\/10\\\/arg-logo-cor.svg\",\"contentUrl\":\"http:\\\/\\\/www.argus-engenharia.com.br\\\/site\\\/wp-content\\\/uploads\\\/2023\\\/10\\\/arg-logo-cor.svg\",\"width\":1,\"height\":1,\"caption\":\"Argus Engenharia\"},\"image\":{\"@id\":\"http:\\\/\\\/www.argus-engenharia.com.br\\\/#\\\/schema\\\/logo\\\/image\\\/\"},\"sameAs\":[\"https:\\\/\\\/www.linkedin.com\\\/company\\\/argus-produtos-e-sistemas-contra-inc-ndio\\\/\",\"https:\\\/\\\/www.instagram.com\\\/argusengenhariabrasil\"]}]}<\/script>\n<!-- \/ Yoast SEO plugin. -->","yoast_head_json":{"title":"Protectorwire - Argus Engenharia","robots":{"index":"index","follow":"follow","max-snippet":"max-snippet:-1","max-image-preview":"max-image-preview:large","max-video-preview":"max-video-preview:-1"},"canonical":"https:\/\/www.argus-engenharia.com.br\/site\/protectorwire\/","og_locale":"pt_BR","og_type":"article","og_title":"Protectorwire - Argus Engenharia","og_description":"DETEC\u00c7\u00c3O LINEAR DE TEMPERATURA PROTECTOWIRE O Detector Linear de Temperatura ProtectoWire\u00ae faz o monitoramento atrav\u00e9s de um cabo sensor, revestido para condi\u00e7\u00f5es ambientais severas e apropriado para aplica\u00e7\u00f5es onde o acesso do pessoal de manuten\u00e7\u00e3o \u00e9 perigoso ou onde se exige detec\u00e7\u00e3o muito pr\u00f3xima ao risco. Este cabo detecta um eventual aumento de temperatura em [&hellip;]","og_url":"https:\/\/www.argus-engenharia.com.br\/site\/protectorwire\/","og_site_name":"Argus Engenharia","article_modified_time":"2024-05-14T19:56:25+00:00","twitter_card":"summary_large_image","twitter_misc":{"Est. tempo de leitura":"2 minutos"},"schema":{"@context":"https:\/\/schema.org","@graph":[{"@type":"WebPage","@id":"https:\/\/www.argus-engenharia.com.br\/site\/protectorwire\/","url":"https:\/\/www.argus-engenharia.com.br\/site\/protectorwire\/","name":"Protectorwire - Argus Engenharia","isPartOf":{"@id":"http:\/\/www.argus-engenharia.com.br\/#website"},"datePublished":"2023-11-24T19:34:12+00:00","dateModified":"2024-05-14T19:56:25+00:00","breadcrumb":{"@id":"https:\/\/www.argus-engenharia.com.br\/site\/protectorwire\/#breadcrumb"},"inLanguage":"pt-BR","potentialAction":[{"@type":"ReadAction","target":["https:\/\/www.argus-engenharia.com.br\/site\/protectorwire\/"]}]},{"@type":"BreadcrumbList","@id":"https:\/\/www.argus-engenharia.com.br\/site\/protectorwire\/#breadcrumb","itemListElement":[{"@type":"ListItem","position":1,"name":"In\u00edcio","item":"http:\/\/www.argus-engenharia.com.br\/"},{"@type":"ListItem","position":2,"name":"Protectorwire"}]},{"@type":"WebSite","@id":"http:\/\/www.argus-engenharia.com.br\/#website","url":"http:\/\/www.argus-engenharia.com.br\/","name":"Argus Engenharia","description":"Produtos e Sistemas contra Inc\u00eandio","publisher":{"@id":"http:\/\/www.argus-engenharia.com.br\/#organization"},"potentialAction":[{"@type":"SearchAction","target":{"@type":"EntryPoint","urlTemplate":"http:\/\/www.argus-engenharia.com.br\/?s={search_term_string}"},"query-input":{"@type":"PropertyValueSpecification","valueRequired":true,"valueName":"search_term_string"}}],"inLanguage":"pt-BR"},{"@type":"Organization","@id":"http:\/\/www.argus-engenharia.com.br\/#organization","name":"Argus Engenharia","url":"http:\/\/www.argus-engenharia.com.br\/","logo":{"@type":"ImageObject","inLanguage":"pt-BR","@id":"http:\/\/www.argus-engenharia.com.br\/#\/schema\/logo\/image\/","url":"http:\/\/www.argus-engenharia.com.br\/site\/wp-content\/uploads\/2023\/10\/arg-logo-cor.svg","contentUrl":"http:\/\/www.argus-engenharia.com.br\/site\/wp-content\/uploads\/2023\/10\/arg-logo-cor.svg","width":1,"height":1,"caption":"Argus Engenharia"},"image":{"@id":"http:\/\/www.argus-engenharia.com.br\/#\/schema\/logo\/image\/"},"sameAs":["https:\/\/www.linkedin.com\/company\/argus-produtos-e-sistemas-contra-inc-ndio\/","https:\/\/www.instagram.com\/argusengenhariabrasil"]}]}},"_links":{"self":[{"href":"https:\/\/www.argus-engenharia.com.br\/site\/wp-json\/wp\/v2\/pages\/333","targetHints":{"allow":["GET"]}}],"collection":[{"href":"https:\/\/www.argus-engenharia.com.br\/site\/wp-json\/wp\/v2\/pages"}],"about":[{"href":"https:\/\/www.argus-engenharia.com.br\/site\/wp-json\/wp\/v2\/types\/page"}],"author":[{"embeddable":true,"href":"https:\/\/www.argus-engenharia.com.br\/site\/wp-json\/wp\/v2\/users\/1"}],"replies":[{"embeddable":true,"href":"https:\/\/www.argus-engenharia.com.br\/site\/wp-json\/wp\/v2\/comments?post=333"}],"version-history":[{"count":7,"href":"https:\/\/www.argus-engenharia.com.br\/site\/wp-json\/wp\/v2\/pages\/333\/revisions"}],"predecessor-version":[{"id":894,"href":"https:\/\/www.argus-engenharia.com.br\/site\/wp-json\/wp\/v2\/pages\/333\/revisions\/894"}],"wp:attachment":[{"href":"https:\/\/www.argus-engenharia.com.br\/site\/wp-json\/wp\/v2\/media?parent=333"}],"curies":[{"name":"wp","href":"https:\/\/api.w.org\/{rel}","templated":true}]}}