{"id":1762,"date":"2026-04-17T03:11:18","date_gmt":"2026-04-17T06:11:18","guid":{"rendered":"http:\/\/www.argus-engenharia.com.br\/?page_id=1762"},"modified":"2026-04-17T03:14:43","modified_gmt":"2026-04-17T06:14:43","slug":"datasheets-camaras-e-geradores-de-espuma","status":"publish","type":"page","link":"https:\/\/www.argus-engenharia.com.br\/site\/datasheets-todos\/datasheets-camaras-e-geradores-de-espuma\/","title":{"rendered":"Datasheets &#8211; C\u00e2maras e Geradores de Espuma"},"content":{"rendered":"<p>\n    <a href=\"\/site\/datasheets-todos\/\">VOLTAR<\/a>\n<\/p>\n<h1><a href=\"\/site\/datasheets-todos\/\">Datasheets<\/a><\/h1>\n<h1>C\u00e2maras e Geradores de Espuma<\/h1>\n<ul>\n<li>\n<p>        <img decoding=\"async\" src=\"\/site\/wp-content\/uploads\/2026\/04\/Camara-de-Espuma-ARGUS-TIPO-TC.jpg\" alt=\"\"><\/p>\n<h3>C\u00e2mara de Espuma ARGUS TIPO TC<\/h3>\n<p><a href=\"\/site\/wp-content\/uploads\/2026\/04\/DSE-0067-CAMARA-DE-ESPUMA-TIPO-TC.pdf\">Download<\/a><\/p>\n<\/li>\n<li>\n<p>        <img decoding=\"async\" src=\"\/site\/wp-content\/uploads\/2026\/04\/Camara-de-Espuma-TF.jpg\" alt=\"\"><\/p>\n<h3>C\u00e2mara\u00a0de\u00a0Espuma TF<\/h3>\n<p><a href=\"\/site\/wp-content\/uploads\/2026\/04\/DSE-0127-CAMARA-DE-ESPUMA-TIPO-TF.pdf\">Download<\/a><\/p>\n<\/li>\n<li>\n<p>        <img decoding=\"async\" src=\"\/site\/wp-content\/uploads\/2026\/04\/Camara-de-Espuma-Argus-TIPO-MCS.jpg\" alt=\"\"><\/p>\n<h3>C\u00e2mara\u00a0de\u00a0Espuma\u00a0Argus TIPO\u00a0MCS<\/h3>\n<p><a href=\"\/site\/wp-content\/uploads\/2026\/04\/DSE-0006-CAMARA-DE-ESPUMA-TIPO-MCS.pdf\">Download<\/a><\/p>\n<\/li>\n<li>\n<p>        <img decoding=\"async\" src=\"\/site\/wp-content\/uploads\/2026\/04\/CAMARAS-DE-ESPUMA-MODELO-MBS.jpg\" alt=\"\"><\/p>\n<h3>C\u00c2MARAS DE ESPUMA MODELO MBS<\/h3>\n<p><a href=\"\/site\/wp-content\/uploads\/2026\/04\/DSE-0084-REV01-CAMARA-DE-ESPUMA-MODELO-MBS.pdf\">Download<\/a><\/p>\n<\/li>\n<li>\n<p>        <img decoding=\"async\" src=\"\/site\/wp-content\/uploads\/2026\/04\/Geradores-de-Alta-Expansao-FLOW-X.jpg\" alt=\"\"><\/p>\n<h3>Geradores de Alta Expans\u00e3o FLOW-X<\/h3>\n<p><a href=\"\/site\/wp-content\/uploads\/2026\/04\/DSE-0201-GERADOR-DE-ALTA-EXPANSAO-FLOW-X.pdf\">Download<\/a><\/p>\n<\/li>\n<\/ul>\n<p><!--more--><br \/>\n<!-- {\"type\":\"layout\",\"children\":[{\"type\":\"section\",\"props\":{\"image_position\":\"center-center\",\"style\":\"default\",\"title_breakpoint\":\"xl\",\"title_position\":\"top-left\",\"title_rotation\":\"left\",\"vertical_align\":\"middle\",\"width\":\"default\"},\"children\":[{\"type\":\"row\",\"children\":[{\"type\":\"column\",\"props\":{\"image_position\":\"center-center\",\"position_sticky_breakpoint\":\"m\"},\"children\":[{\"type\":\"button\",\"props\":{\"grid_column_gap\":\"small\",\"grid_row_gap\":\"small\",\"margin\":\"default\",\"margin_remove_bottom\":true},\"children\":[{\"type\":\"button_item\",\"props\":{\"button_style\":\"link-text\",\"content\":\"VOLTAR\",\"icon\":\"arrow-left\",\"icon_align\":\"left\",\"link\":\"datasheets-todos\\\/\"}}]},{\"type\":\"headline\",\"props\":{\"content\":\"Datasheets\",\"link\":\"datasheets-todos\\\/\",\"margin\":\"remove-vertical\",\"margin_remove_bottom\":true,\"title_element\":\"h1\"}},{\"type\":\"headline\",\"props\":{\"content\":\"C\\u00e2maras e Geradores de Espuma\",\"margin\":\"remove-vertical\",\"title_color\":\"primary\",\"title_element\":\"h1\",\"title_style\":\"h2\"}}]}]}]},{\"type\":\"section\",\"props\":{\"image_position\":\"center-center\",\"padding_remove_top\":true,\"style\":\"default\",\"title_breakpoint\":\"xl\",\"title_position\":\"top-left\",\"title_rotation\":\"left\",\"vertical_align\":\"middle\",\"width\":\"default\"},\"children\":[{\"type\":\"row\",\"children\":[{\"type\":\"column\",\"props\":{\"image_position\":\"center-center\",\"position_sticky_breakpoint\":\"m\"},\"children\":[{\"type\":\"grid\",\"props\":{\"content_column_breakpoint\":\"m\",\"content_dropcap\":false,\"filter\":true,\"filter_align\":\"left\",\"filter_all\":true,\"filter_all_label\":\"Todos\",\"filter_grid_breakpoint\":\"m\",\"filter_grid_width\":\"auto\",\"filter_position\":\"top\",\"filter_style\":\"tab\",\"grid_column_gap\":\"medium\",\"grid_default\":\"2\",\"grid_medium\":\"5\",\"grid_parallax_justify\":false,\"grid_row_gap\":\"medium\",\"grid_small\":\"3\",\"icon_width\":80,\"image_align\":\"top\",\"image_grid_breakpoint\":\"m\",\"image_grid_width\":\"1-2\",\"image_svg_color\":\"emphasis\",\"item_animation\":true,\"link_margin\":\"small\",\"link_size\":\"small\",\"link_style\":\"primary\",\"link_target\":true,\"link_text\":\"Download\",\"margin\":\"default\",\"meta_align\":\"below-title\",\"meta_element\":\"div\",\"meta_style\":\"text-meta\",\"panel_image_no_padding\":true,\"panel_link\":true,\"show_content\":true,\"show_image\":true,\"show_link\":true,\"show_meta\":true,\"show_title\":true,\"text_align\":\"center\",\"title_align\":\"top\",\"title_element\":\"h3\",\"title_font_family\":\"primary\",\"title_grid_breakpoint\":\"m\",\"title_grid_width\":\"1-2\",\"title_hover_style\":\"reset\",\"title_style\":\"h6\"},\"children\":[{\"type\":\"grid_item\",\"props\":{\"image\":\"wp-content\\\/uploads\\\/2026\\\/04\\\/Camara-de-Espuma-ARGUS-TIPO-TC.jpg\",\"link\":\"wp-content\\\/uploads\\\/2026\\\/04\\\/DSE-0067-CAMARA-DE-ESPUMA-TIPO-TC.pdf\",\"tags\":\"C\\u00e2maras de Espuma\",\"title\":\"C\\u00e2mara de Espuma ARGUS TIPO TC\"}},{\"type\":\"grid_item\",\"props\":{\"image\":\"wp-content\\\/uploads\\\/2026\\\/04\\\/Camara-de-Espuma-TF.jpg\",\"link\":\"wp-content\\\/uploads\\\/2026\\\/04\\\/DSE-0127-CAMARA-DE-ESPUMA-TIPO-TF.pdf\",\"link_aria_label\":\"C\\u00e2maras de Espuma\",\"title\":\"C\\u00e2mara\\u00a0de\\u00a0Espuma TF\"}},{\"type\":\"grid_item\",\"props\":{\"image\":\"wp-content\\\/uploads\\\/2026\\\/04\\\/Camara-de-Espuma-Argus-TIPO-MCS.jpg\",\"link\":\"wp-content\\\/uploads\\\/2026\\\/04\\\/DSE-0006-CAMARA-DE-ESPUMA-TIPO-MCS.pdf\",\"tags\":\"C\\u00e2maras de Espuma\",\"title\":\"C\\u00e2mara\\u00a0de\\u00a0Espuma\\u00a0Argus TIPO\\u00a0MCS\"}},{\"type\":\"grid_item\",\"props\":{\"image\":\"wp-content\\\/uploads\\\/2026\\\/04\\\/CAMARAS-DE-ESPUMA-MODELO-MBS.jpg\",\"link\":\"wp-content\\\/uploads\\\/2026\\\/04\\\/DSE-0084-REV01-CAMARA-DE-ESPUMA-MODELO-MBS.pdf\",\"tags\":\"C\\u00e2maras de Espuma\",\"title\":\"C\\u00c2MARAS DE ESPUMA MODELO MBS\"}},{\"type\":\"grid_item\",\"props\":{\"image\":\"wp-content\\\/uploads\\\/2026\\\/04\\\/Geradores-de-Alta-Expansao-FLOW-X.jpg\",\"link\":\"wp-content\\\/uploads\\\/2026\\\/04\\\/DSE-0201-GERADOR-DE-ALTA-EXPANSAO-FLOW-X.pdf\",\"tags\":\"Geradores de Espuma\",\"title\":\"Geradores de Alta Expans\\u00e3o FLOW-X\"}}]}]}]}]}],\"version\":\"4.1.3\"} --><\/p>\n","protected":false},"excerpt":{"rendered":"<p>VOLTAR Datasheets C\u00e2maras e Geradores de Espuma C\u00e2mara de Espuma ARGUS TIPO TC Download C\u00e2mara\u00a0de\u00a0Espuma TF Download C\u00e2mara\u00a0de\u00a0Espuma\u00a0Argus TIPO\u00a0MCS Download C\u00c2MARAS DE ESPUMA MODELO MBS Download Geradores de Alta Expans\u00e3o FLOW-X Download<\/p>\n","protected":false},"author":1,"featured_media":0,"parent":1747,"menu_order":0,"comment_status":"closed","ping_status":"closed","template":"","meta":{"_joinchat":[],"footnotes":""},"class_list":["post-1762","page","type-page","status-publish","hentry"],"yoast_head":"<!-- This site is optimized with the Yoast SEO plugin v27.4 - https:\/\/yoast.com\/product\/yoast-seo-wordpress\/ -->\n<title>Datasheets - C\u00e2maras e Geradores de Espuma - Argus Engenharia<\/title>\n<meta name=\"robots\" content=\"index, follow, max-snippet:-1, max-image-preview:large, max-video-preview:-1\" \/>\n<link rel=\"canonical\" href=\"https:\/\/www.argus-engenharia.com.br\/site\/datasheets-todos\/datasheets-camaras-e-geradores-de-espuma\/\" \/>\n<meta property=\"og:locale\" content=\"pt_BR\" \/>\n<meta property=\"og:type\" content=\"article\" \/>\n<meta property=\"og:title\" content=\"Datasheets - C\u00e2maras e Geradores de Espuma - Argus Engenharia\" \/>\n<meta property=\"og:description\" content=\"VOLTAR Datasheets C\u00e2maras e Geradores de Espuma C\u00e2mara de Espuma ARGUS TIPO TC Download C\u00e2mara\u00a0de\u00a0Espuma TF Download C\u00e2mara\u00a0de\u00a0Espuma\u00a0Argus TIPO\u00a0MCS Download C\u00c2MARAS DE ESPUMA MODELO MBS Download Geradores de Alta Expans\u00e3o FLOW-X Download\" \/>\n<meta property=\"og:url\" content=\"https:\/\/www.argus-engenharia.com.br\/site\/datasheets-todos\/datasheets-camaras-e-geradores-de-espuma\/\" \/>\n<meta property=\"og:site_name\" content=\"Argus Engenharia\" \/>\n<meta property=\"article:modified_time\" content=\"2026-04-17T06:14:43+00:00\" \/>\n<meta name=\"twitter:card\" content=\"summary_large_image\" \/>\n<script type=\"application\/ld+json\" class=\"yoast-schema-graph\">{\"@context\":\"https:\\\/\\\/schema.org\",\"@graph\":[{\"@type\":\"WebPage\",\"@id\":\"https:\\\/\\\/www.argus-engenharia.com.br\\\/site\\\/datasheets-todos\\\/datasheets-camaras-e-geradores-de-espuma\\\/\",\"url\":\"https:\\\/\\\/www.argus-engenharia.com.br\\\/site\\\/datasheets-todos\\\/datasheets-camaras-e-geradores-de-espuma\\\/\",\"name\":\"Datasheets - C\u00e2maras e Geradores de Espuma - Argus Engenharia\",\"isPartOf\":{\"@id\":\"http:\\\/\\\/www.argus-engenharia.com.br\\\/#website\"},\"datePublished\":\"2026-04-17T06:11:18+00:00\",\"dateModified\":\"2026-04-17T06:14:43+00:00\",\"breadcrumb\":{\"@id\":\"https:\\\/\\\/www.argus-engenharia.com.br\\\/site\\\/datasheets-todos\\\/datasheets-camaras-e-geradores-de-espuma\\\/#breadcrumb\"},\"inLanguage\":\"pt-BR\",\"potentialAction\":[{\"@type\":\"ReadAction\",\"target\":[\"https:\\\/\\\/www.argus-engenharia.com.br\\\/site\\\/datasheets-todos\\\/datasheets-camaras-e-geradores-de-espuma\\\/\"]}]},{\"@type\":\"BreadcrumbList\",\"@id\":\"https:\\\/\\\/www.argus-engenharia.com.br\\\/site\\\/datasheets-todos\\\/datasheets-camaras-e-geradores-de-espuma\\\/#breadcrumb\",\"itemListElement\":[{\"@type\":\"ListItem\",\"position\":1,\"name\":\"In\u00edcio\",\"item\":\"http:\\\/\\\/www.argus-engenharia.com.br\\\/\"},{\"@type\":\"ListItem\",\"position\":2,\"name\":\"Datasheets &#8211; Todos\",\"item\":\"https:\\\/\\\/www.argus-engenharia.com.br\\\/site\\\/datasheets-todos\\\/\"},{\"@type\":\"ListItem\",\"position\":3,\"name\":\"Datasheets &#8211; C\u00e2maras e Geradores de Espuma\"}]},{\"@type\":\"WebSite\",\"@id\":\"http:\\\/\\\/www.argus-engenharia.com.br\\\/#website\",\"url\":\"http:\\\/\\\/www.argus-engenharia.com.br\\\/\",\"name\":\"Argus Engenharia\",\"description\":\"Produtos e Sistemas contra Inc\u00eandio\",\"publisher\":{\"@id\":\"http:\\\/\\\/www.argus-engenharia.com.br\\\/#organization\"},\"potentialAction\":[{\"@type\":\"SearchAction\",\"target\":{\"@type\":\"EntryPoint\",\"urlTemplate\":\"http:\\\/\\\/www.argus-engenharia.com.br\\\/?s={search_term_string}\"},\"query-input\":{\"@type\":\"PropertyValueSpecification\",\"valueRequired\":true,\"valueName\":\"search_term_string\"}}],\"inLanguage\":\"pt-BR\"},{\"@type\":\"Organization\",\"@id\":\"http:\\\/\\\/www.argus-engenharia.com.br\\\/#organization\",\"name\":\"Argus Engenharia\",\"url\":\"http:\\\/\\\/www.argus-engenharia.com.br\\\/\",\"logo\":{\"@type\":\"ImageObject\",\"inLanguage\":\"pt-BR\",\"@id\":\"http:\\\/\\\/www.argus-engenharia.com.br\\\/#\\\/schema\\\/logo\\\/image\\\/\",\"url\":\"http:\\\/\\\/www.argus-engenharia.com.br\\\/site\\\/wp-content\\\/uploads\\\/2023\\\/10\\\/arg-logo-cor.svg\",\"contentUrl\":\"http:\\\/\\\/www.argus-engenharia.com.br\\\/site\\\/wp-content\\\/uploads\\\/2023\\\/10\\\/arg-logo-cor.svg\",\"width\":1,\"height\":1,\"caption\":\"Argus Engenharia\"},\"image\":{\"@id\":\"http:\\\/\\\/www.argus-engenharia.com.br\\\/#\\\/schema\\\/logo\\\/image\\\/\"},\"sameAs\":[\"https:\\\/\\\/www.linkedin.com\\\/company\\\/argus-produtos-e-sistemas-contra-inc-ndio\\\/\",\"https:\\\/\\\/www.instagram.com\\\/argusengenhariabrasil\"]}]}<\/script>\n<!-- \/ Yoast SEO plugin. -->","yoast_head_json":{"title":"Datasheets - C\u00e2maras e Geradores de Espuma - Argus Engenharia","robots":{"index":"index","follow":"follow","max-snippet":"max-snippet:-1","max-image-preview":"max-image-preview:large","max-video-preview":"max-video-preview:-1"},"canonical":"https:\/\/www.argus-engenharia.com.br\/site\/datasheets-todos\/datasheets-camaras-e-geradores-de-espuma\/","og_locale":"pt_BR","og_type":"article","og_title":"Datasheets - C\u00e2maras e Geradores de Espuma - Argus Engenharia","og_description":"VOLTAR Datasheets C\u00e2maras e Geradores de Espuma C\u00e2mara de Espuma ARGUS TIPO TC Download C\u00e2mara\u00a0de\u00a0Espuma TF Download C\u00e2mara\u00a0de\u00a0Espuma\u00a0Argus TIPO\u00a0MCS Download C\u00c2MARAS DE ESPUMA MODELO MBS Download Geradores de Alta Expans\u00e3o FLOW-X Download","og_url":"https:\/\/www.argus-engenharia.com.br\/site\/datasheets-todos\/datasheets-camaras-e-geradores-de-espuma\/","og_site_name":"Argus Engenharia","article_modified_time":"2026-04-17T06:14:43+00:00","twitter_card":"summary_large_image","schema":{"@context":"https:\/\/schema.org","@graph":[{"@type":"WebPage","@id":"https:\/\/www.argus-engenharia.com.br\/site\/datasheets-todos\/datasheets-camaras-e-geradores-de-espuma\/","url":"https:\/\/www.argus-engenharia.com.br\/site\/datasheets-todos\/datasheets-camaras-e-geradores-de-espuma\/","name":"Datasheets - C\u00e2maras e Geradores de Espuma - Argus Engenharia","isPartOf":{"@id":"http:\/\/www.argus-engenharia.com.br\/#website"},"datePublished":"2026-04-17T06:11:18+00:00","dateModified":"2026-04-17T06:14:43+00:00","breadcrumb":{"@id":"https:\/\/www.argus-engenharia.com.br\/site\/datasheets-todos\/datasheets-camaras-e-geradores-de-espuma\/#breadcrumb"},"inLanguage":"pt-BR","potentialAction":[{"@type":"ReadAction","target":["https:\/\/www.argus-engenharia.com.br\/site\/datasheets-todos\/datasheets-camaras-e-geradores-de-espuma\/"]}]},{"@type":"BreadcrumbList","@id":"https:\/\/www.argus-engenharia.com.br\/site\/datasheets-todos\/datasheets-camaras-e-geradores-de-espuma\/#breadcrumb","itemListElement":[{"@type":"ListItem","position":1,"name":"In\u00edcio","item":"http:\/\/www.argus-engenharia.com.br\/"},{"@type":"ListItem","position":2,"name":"Datasheets &#8211; Todos","item":"https:\/\/www.argus-engenharia.com.br\/site\/datasheets-todos\/"},{"@type":"ListItem","position":3,"name":"Datasheets &#8211; C\u00e2maras e Geradores de Espuma"}]},{"@type":"WebSite","@id":"http:\/\/www.argus-engenharia.com.br\/#website","url":"http:\/\/www.argus-engenharia.com.br\/","name":"Argus Engenharia","description":"Produtos e Sistemas contra Inc\u00eandio","publisher":{"@id":"http:\/\/www.argus-engenharia.com.br\/#organization"},"potentialAction":[{"@type":"SearchAction","target":{"@type":"EntryPoint","urlTemplate":"http:\/\/www.argus-engenharia.com.br\/?s={search_term_string}"},"query-input":{"@type":"PropertyValueSpecification","valueRequired":true,"valueName":"search_term_string"}}],"inLanguage":"pt-BR"},{"@type":"Organization","@id":"http:\/\/www.argus-engenharia.com.br\/#organization","name":"Argus Engenharia","url":"http:\/\/www.argus-engenharia.com.br\/","logo":{"@type":"ImageObject","inLanguage":"pt-BR","@id":"http:\/\/www.argus-engenharia.com.br\/#\/schema\/logo\/image\/","url":"http:\/\/www.argus-engenharia.com.br\/site\/wp-content\/uploads\/2023\/10\/arg-logo-cor.svg","contentUrl":"http:\/\/www.argus-engenharia.com.br\/site\/wp-content\/uploads\/2023\/10\/arg-logo-cor.svg","width":1,"height":1,"caption":"Argus Engenharia"},"image":{"@id":"http:\/\/www.argus-engenharia.com.br\/#\/schema\/logo\/image\/"},"sameAs":["https:\/\/www.linkedin.com\/company\/argus-produtos-e-sistemas-contra-inc-ndio\/","https:\/\/www.instagram.com\/argusengenhariabrasil"]}]}},"_links":{"self":[{"href":"https:\/\/www.argus-engenharia.com.br\/site\/wp-json\/wp\/v2\/pages\/1762","targetHints":{"allow":["GET"]}}],"collection":[{"href":"https:\/\/www.argus-engenharia.com.br\/site\/wp-json\/wp\/v2\/pages"}],"about":[{"href":"https:\/\/www.argus-engenharia.com.br\/site\/wp-json\/wp\/v2\/types\/page"}],"author":[{"embeddable":true,"href":"https:\/\/www.argus-engenharia.com.br\/site\/wp-json\/wp\/v2\/users\/1"}],"replies":[{"embeddable":true,"href":"https:\/\/www.argus-engenharia.com.br\/site\/wp-json\/wp\/v2\/comments?post=1762"}],"version-history":[{"count":4,"href":"https:\/\/www.argus-engenharia.com.br\/site\/wp-json\/wp\/v2\/pages\/1762\/revisions"}],"predecessor-version":[{"id":1776,"href":"https:\/\/www.argus-engenharia.com.br\/site\/wp-json\/wp\/v2\/pages\/1762\/revisions\/1776"}],"up":[{"embeddable":true,"href":"https:\/\/www.argus-engenharia.com.br\/site\/wp-json\/wp\/v2\/pages\/1747"}],"wp:attachment":[{"href":"https:\/\/www.argus-engenharia.com.br\/site\/wp-json\/wp\/v2\/media?parent=1762"}],"curies":[{"name":"wp","href":"https:\/\/api.w.org\/{rel}","templated":true}]}}